base 9) to base 3
-20
What is 5 (base 12) in base 6?
5
36 (base 11) to base 10
39
What is -5d (base 15) in base 6?
-224
-45 (base 6) to base 14
-21
Convert -12 (base 8) to base 15.
-a
-12 (base 12) to base 6
-22
Convert 4 (base 9) to base 14.
4
-1002 (base 4) to base 7
-123
What is -10 (base 5) in base 12?
-5
Convert 7 (base 9) to base 13.
7
-23 (base 15) to base 11
-30
53 (base 11) to base 8
72
-2 (base 15) to base 10
-2
What is 40 (base 7) in base 14?
20
Convert -12010 (base 3) to base 4.
-2022
Convert -344 (base 9) to base 3.
-101111
98 (base 16) to base 15
a2
1101 (base 2) to base 12
11
Convert -1 (base 10) to base 4.
-1
What is -6 (base 7) in base 4?
-12
-3 (base 11) to base 12
-3
101011 (base 2) to base 5
133
4 (base 6) to base 15
4
-31 (base 9) to base 12
-24
-65 (base 16) to base 10
-101
What is 145 (base 7) in base 5?
312
14 (base 14) to base 7
24
23 (base 6) to base 8
17
What is c (base 14) in base 5?
22
2 (base 4) to base 14
2
2 (base 4) to base 7
2
Convert 2 (base 15) to base 6.
2
Convert 53 (base 14) to base 11.
67
Convert -12 (base 4) to base 5.
-11
-100 (base 2) to base 16
-4
-21 (base 5) to base 3
-102
What is -10011 (base 2) in base 14?
-15
35 (base 8) to base 12
25
Convert -11 (base 3) to base 7.
-4
Convert -24 (base 7) to base 15.
-13
Convert 25 (base 10) to base 13.
1c
Convert 22 (base 6) to base 7.
20
5 (base 7) to base 2
101
Convert -2 (base 12) to base 11.
-2
Convert 40 (base 6) to base 13.
1b
What is 2 (base 8) in base 15?
2
What is 1133 (base 4) in base 15?
65
What is -331 (base 6) in base 10?
-127
What is -5 (base 13) in base 8?
-5
0 (base 12) to base 13
0
-4 (base 5) to base 12
-4
-2 (base 4) to base 10
-2
What is -2 (base 9) in base 8?
-2
Convert 65 (base 15) to base 14.
6b
Convert -3 (base 15) to base 8.
-3
Convert 2 (base 10) to base 5.
2
What is 19 (base 14) in base 6?
35
Convert f (base 16) to base 3.
120
-282 (base 9) to base 12
-178
Convert 2 (base 9) to base 15.
2
What is 10 (base 10) in base 14?
a
Convert 1b (base 13) to base 6.
40
Convert -6 (base 8) to base 10.
-6
What is -2 (base 8) in base 7?
-2
What is -4 (base 8) in base 14?
-4
-4 (base 13) to base 11
-4
121 (base 6) to base 9
54
53 (base 11) to base 12
4a
What is -24 (base 5) in base 12?
-12
-8 (base 9) to base 4
-20
Convert -3 (base 11) to base 2.
-11
8 (base 10) to base 7
11
What is -24 (base 6) in base 14?
-12
Convert -4 (base 13) to base 10.
-4
2 (base 13) to base 4
2
Convert 30 (base 4) to base 11.
11
-100110 (base 2) to base 7
-53
What is -b (base 12) in base 15?
-b
What is -12220 (base 3) in base 6?
-423
Convert 32 (base 16) to base 4.
302
2 (base 5) to base 9
2
-11 (base 2) to base 6
-3
0 (base 16) to base 13
0
Convert -23 (base 15) to base 13.
-27
-200 (base 4) to base 5
-112
Convert -1103 (base 6) to base 3.
-100110
Convert 6 (base 8) to base 16.
6
Convert 1b (base 13) to base 8.
30
-100 (base 3) to base 6
-13
What is -6 (base 15) in base 11?
-6
What is 163 (base 7) in base 5?
334
0 (base 8) to base 10
0
-220 (base 8) to base 14
-a4
What is 125 (base 13) in base 9?
242
Convert -2 (base 7) to base 10.
-2
What is -2 (base 9) in base 16?
-2
Convert 10 (base 4) to base 15.
4
What is 63 (base 12) in base 2?
1001011
3 (base 7) to base 4
3
2021 (base 3) to base 16
3d
What is -1 (base 9) in base 7?
-1
What is -64 (base 10) in base 14?
-48
-214 (base 8) to base 15
-95
What is 11000 (base 3) in base 7?
213
245 (base 6) to base 12
85
35 (base 15) to base 5
200
What is 2 (base 6) in base 16?
2
Convert -27 (base 12) to base 11.
-29
Convert 201 (base 3) to base 12.
17
-c (base 15) to base 6
-20
Convert -57 (base 9) to base 8.
-64
Convert 5 (base 11) to base 16.
5
What is 2 (base 10) in base 15?
2
What is 0 (base 15) in base 5?
0
532 (base 6) to base 11
172
3233 (base 4) to base 6
1035
Convert -8 (base 16) to base 7.
-11
-10b (base 15) to base 5
-1421
-27 (base 13) to base 10
-33
-69 (base 10) to base 7
-126
1 (base 16) to base 5
1
What is a (base 11) in base 10?
10
Convert -37 (base 14) to base 6.
-121
What is -1 (base 10) in base 12?
-1
8 (base 9) to base 16
8
What is -12 (base 3) in base 2?
-101
2 (base 12) to base 10
2
-3 (base 10) to base 14
-3
Convert 0 (base 11) to base 16.
0
Convert 2330 (base 4) to base 3.
20222
What is -527 (base 8) in base 12?
-247
What is -7 (base 14) in base 10?
-7
What is 0 (base 12) in base 11?
0
Convert -12100 (base 3) to base 11.
-121
What is -7 (base 15) in base 13?
-7
Convert -10 (base 10) to base 11.
-a
101 (base 2) to base 3
12
311 (base 4) to base 6
125
-105 (base 16) to base 10
-261
Convert 11 (base 13) to base 5.
24
What is 0 (base 10) in base 13?
0
Convert -31 (base 8) to base 2.
-11001
What is -1010 (base 3) in base 10?
-30
4a (base 14) to base 15
46
-26 (base 10) to base 16
-1a
What is -101 (base 8) in base 12?
-55
21 (base 4) to base 9
10
What is 3 (base 7) in base 5?
3
What is 1 (base 9) in base 11?
1
Convert 4 (base 9) to base 4.
10
What is 1 (base 5) in base 8?
1
Convert -89 (base 10) to base 9.
-108
What is -3 (base 6) in base 12?
-3
What is 0 (base 6) in base 12?
0
-10111 (base 2) to base 11
-21
Convert fe (base 16) to base 5.
2004
Convert -5 (base 8) to base 6.
-5
Convert 13 (base 5) to base 3.
22
Convert 3 (base 8) to base 15.
3
Convert 34 (base 6) to base 12.
1a
Convert -1 (base 10) to base 2.
-1
What is 1 (base 6) in base 11?
1
Convert 33 (base 4) to base 9.
16
Convert -2 (base 10) to base 3.
-2
Convert -2 (base 12) to base 16.
-2
What is -1111 (base 2) in base 12?
-13
What is -3 (base 12) in base 11?
-3
Convert 0 (base 7) to base 12.
0
10 (base 2) to base 5
2
-11011010 (base 2) to base 14
-118
Convert 3 (base 11) to base 15.
3
Convert 4 (base 14) to base 16.
4
-10101 (base 2) to base 3
-210
What is -101010 (base 2) in base 6?
-110
Convert -3 (base 5) to base 10.
-3
What is -12 (base 5) in base 13?
-7
What is 39 (base 11) in base 15?
2c
What is 5a (base 12) in base 13?
55
Convert -2 (base 16) to base 13.
-2
What is -11 (base 16) in base 6?
-25
1 (base 13) to base 10
1
1 (base 14) to base 10
1
96 (base 13) to base 10
123
Convert 12 (base 6) to base 13.
8
2 (base 11) to base 8
2
Convert -31 (base 4) to base 14.
-d
5 (base 12) to base 4
11
What is -453 (base 8) in base 13?
-1a0
What is -5 (base 7) in base 4?
-11
What is -5 (base 10) in base 11?
-5
-10 (base 3) to base 12
-3
What is -26 (base 8) in base 5?
-42
342 (base 6) to base 3
11222
Convert -4 (base 14) to base 4.
-10
Convert -3a (base 16) to base 2.
-111010
What is 12 (base 5) in base 13?
7
What is 3 (base 11) in base 10?
3
Convert -5 (base 9) to base 2.
-101
Convert 10211 (base 3) to base 2.
1100111
Convert 23 (base 13) to base 14.
21
Convert -211 (base 5) to base 9.
-62
Convert 10 (base 16) to base 3.
121
44 (base 10) to base 3
1122
What is 422 (base 7) in base 12?
158
Convert -3 (base 16) to base 2.
-11
Convert -337 (base 8) to base 4.
-3133
Convert -21 (base 12) to base 10.
-25
-7d (base 14) to base 2
-1101111
Convert -d (base 15) to base 7.
-16
15a (base 12) to base 16
d6
What is 23 (base 13) in base 4?
131
Convert -30 (base 5) to base 6.
-23
14 (base 11) to base 10
15
11121 (base 3) to base 10
124
What is 2 (base 13) in base 11?
2
-2 (base 15) to base 11
-2
Convert 265 (base 11) to base 15.
15d
What is -1 (base 12) in base 8?
-1
-9 (base 11) to base 9
-10
What is 12 (base 16) in base 10?
18
Convert -11 (base 4) to base 5.
-10
What is 0 (base 2) in base 3?
0
-44 (base 14) to base 13
-48
5 (base 6) to base 4
11
-107 (base 9) to base 13
-6a
Convert -38 (base 10) to base 7.
-53
What is 13 (base 13) in base 6?
24
Convert -10 (base 2) to base 7.
-2
2 (base 13) to base 16
2
What is 39 (base 13) in base 12?
40
Convert -4 (base 11) to base 8.
-4
Convert 2 (base 11) to base 3.
2
What is c (base 16) in base 9?
13
Convert 2121 (base 3) to base 5.
240
What is 109 (base 11) in base 5?
1010
What is -1040 (base 7) in base 12?
-26b
-242 (base 6) to base 2
-1100010
What is -3 (base 15) in base 9?
-3
Convert 233 (base 9) to base 12.
140
-124 (base 5) to base 8
-47
What is 34 (base 9) in base 4?
133
Convert -82 (base 10) to base 14.
-5c
What is 303 (base 6) in base 4?
1233
What is 90 (base 16) in base 5?
1034
0 (base 2) to base 16
0
Convert -10 (base 12) to base 5.
-22
What is -7 (base 14) in base 7?
-10
What is 0 (base 4) in base 15?
0
What is 3 (base 15) in